 the prime factors of y(-12)?
139
Let p(d) = 2*d**3 - 4*d**2 - 22*d + 22. List the prime factors of p(8).
2, 307
Let q(r) = r**3 + 7*r**2 + 4*r - 5. Let v be q(-6). What are the prime factors of (-612)/(-21) + (-1)/v?
29
Suppose 6774 = 20*w - 1326. What are the prime factors of w?
3, 5
Let s(h) = -8*h**2 - 4*h - 2. Let z(g) = 7*g**2 + 3*g + 1. Let r(w) = 4*s(w) + 5*z(w). List the prime factors of r(4).
41
Suppose 67795 - 26863 = 36*a. List the prime factors of a.
3, 379
Let m(q) = 3*q - q + 4 + q + 4*q**2 - q**3 + 2*q**2. Suppose 5*o - 24 = o. What are the prime factors of m(o)?
2, 11
Suppose -17*g = -15*g + 8. Let f = g - -212. What are the prime factors of f?
2, 13
Suppose 6*a - 3*a - 1929 = 3*q, 8 = 4*q. What are the prime factors of a?
3, 5, 43
Let w(i) = -2*i - 11. Let f be w(-8). Let b = f + -1. Suppose 4*a + 82 = 2*h, -5*a = 3*h - b*h + 44. What are the prime factors of h?
3, 13
Let b = 57 + -53. Suppose 0 = -b*n + 5*n - 128. List the prime factors of n.
2
Let y(p) = p**3 - 45*p**2 + 73*p + 39. What are the prime factors of y(44)?
5, 263
Suppose -y = 3*y - 20. Let w(v) = v**2 + 5*v + 2. List the prime factors of w(y).
2, 13
Let q be -3*3*(-2)/9. Suppose 0 = -t + q*l, -2*t - 3*l = -0*t - 14. Suppose -5*b + 23 = t*g - 14, -2*b = -4*g - 26. What are the prime factors of b?
3
Let p(v) = v**3 - 7*v**2 + v + 8. Let o be p(6). Let j = o + 39. What are the prime factors of (10 - 12) + 0 + j?
3, 5
Let w(i) = 12*i**3 - i**2 + 2*i - 1. Let c be w(1). Let a = -7 + c. Suppose a = 3*v - 4. What are the prime factors of v?
3
Let s(l) = 27 - 7 - l**2 - 1 - 3*l. Let m be s(-6). What are the prime factors of m*(1 + (4 - -25))?
2, 3, 5
Let z(p) = -p**3 - 14*p**2 - 15*p - 12. Suppose 9*o + 52 = 5*o. Let i be z(o). Suppose 4*a + 3*s + i = 78, -5*s = 20. List the prime factors of a.
19
Let p(h) = -2*h**3 + 31*h**2 + 5*h - 24. What are the prime factors of p(15)?
2, 3, 23
Let w(h) = 7*h**2 + 5*h**3 - h**3 - 3*h**3 + 8 - 2*h. Suppose -5*q + 2*p = 45, -2*q = -2*p + 5*p - 1. List the prime factors of w(q).
2, 11
Suppose -4*j = 63 + 45. Let c = -49 - j. List the prime factors of (-473)/c - (-1)/(-2).
3, 7
Suppose 0 = 3*f - 5*r + 2*r, 3*f + 4*r = 14. Suppose -5*x + 695 = 4*a, 3*a + 86 + 169 = f*x. List the prime factors of x.
3, 5
Suppose 3*w + 23 = -2*w - 4*x, 0 = 5*w + 2*x + 29. Let c be w + -1 + 10 + -11. Let q = c - -32. List the prime factors of q.
23
Let t be (-216)/8*1/(-1). Suppose -t*s + 22*s = -470. List the prime factors of s.
2, 47
Let w(s) = s**3 - 4*s**2 - 6*s + 6. Let x be w(5). Suppose 2*r = -x + 7. Suppose 66 = r*p - 18. List the prime factors of p.
2, 7
Let i = 16 + -14. Suppose -404 = -3*f + 5*w, -w = 4*f + i*w - 500. What are the prime factors of f?
2
Let m be (-30)/(-12)*56/5. Suppose -n + m = -d, -5*d - 4 = -n + 4. List the prime factors of n.
3, 11
Suppose -2*k = -5*b + b + 434, 2*b + 2*k = 214. Let c = 28 + b. List the prime factors of c.
2, 17
Let n be 38/14 - 14/(-49). Suppose 0 = 2*x - 4*s - 80, 2*x - s - 200 = -n*x. List the prime factors of x.
2, 5
Let j(q) = -55*q + 154. What are the prime factors of j(-2)?
2, 3, 11
Suppose 98 = r + 5. Suppose 8 = 2*g, 65 + 75 = -2*i + 3*g. Let u = r + i. What are the prime factors of u?
29
Let c(f) = -3*f - 20*f - 8 - 17 - 11. List the prime factors of c(-6).
2, 3, 17
Let a(p) = 2*p - 18. Let q(x) = x**2 - 16*x + 5. Let o be q(17). Suppose -19 = 21*y - o*y. List the prime factors of a(y).
2, 5
Let i be (-3)/(-6) - 219/12*-2. Suppose 19*p + i = 20*p. List the prime factors of p.
37
Let b = 14 - 12. Suppose -b*g - 2082 = 5*t, 2*g - 414 = t - 0*g. What are the prime factors of (-18)/4*t/48?
3, 13
Let i be 5/(-10)*(1 + 1). Let h be i - (8/(-4) + -3). Suppose 146 = 2*z + 5*r, 0 = -h*z + 2*r - 3*r + 274. What are the prime factors of z?
2, 17
List the prime factors of 288/156 - 2 - 7321/(-13).
563
Let i be 1/(-3) - (-143)/33. Suppose -i*o = o. Suppose o = 4*x - x - 6. What are the prime factors of x?
2
Let m(v) be the first derivative of -7/2*v**2 - 8 + 2*v. What are the prime factors of m(-8)?
2, 29
Let d be -3 + (-7*5)/(-5). Suppose 0 = m + 3 - d. What are the prime factors of m/(-4*5/(-1020))?
3, 17
Let u(y) = -8*y**2 - 6 - 11*y - y**3 - y**2 - 1. Let b = 354 + -362. List the prime factors of u(b).
17
Suppose -667 - 425 = -6*u. Suppose u = r + r. List the prime factors of r.
7, 13
Let y be -2*(-4)/8*(6 - -1). Let o(t) = t**3 - 5*t**2 + 3*t - 8. List the prime factors of o(y).
3, 37
What are the prime factors of (-185 - (-3 - 3))*-1?
179
Let v = -73 + 78. Suppose 167 = 4*o + v*t, 149 = 3*o + 4*t + 23. List the prime factors of o.
2, 19
Let k be 6/2 - 0/(-10). Suppose -2*a + 114 = -3*p - p, 2*p - 171 = -k*a. What are the prime factors of a?
3, 19
List the prime factors of 720*7*(-5)/(-70).
2, 3, 5
Let i = 3072 - 1823. What are the prime factors of i?
1249
What are the prime factors of (-508)/(-2)*16/32?
127
Let h be (3 - 3 - -1)*-1. List the prime factors of 86*h/6*-3.
43
Suppose 0 = 36*j - 11*j - 15350. List the prime factors of j.
2, 307
Let z = -183 + 351. Let d = -98 + z. What are the prime factors of d?
2, 5, 7
Let k(v) = -v - 1. Let l be k(18). Let r = l - -34. Suppose 25 = 5*a - r. What are the prime factors of a?
2
Let g = -149 + 216. Let j = g - 59. What are the prime factors of j?
2
List the prime factors of (12/(-9))/(66/(-181665)).
2, 5, 367
Suppose 0 = 4*q - 2*x - 7 + 1, -x + 5 = 0. Suppose -7*u = -q*u - 408. Suppose -6*h = -2*h - 2*o - u, 2*o - 152 = -5*h. List the prime factors of h.
2
Suppose i + k = 2*k + 5, 2*k = 5*i - 28. Let v = i + -13. Let z(j) = 2*j**2 + 6*j. List the prime factors of z(v).
2, 7
Let s = 298 - 151. Let n = s + -1. What are the prime factors of n?
2, 73
Suppose 0 = -m - 10 + 13, -5*m = 4*z - 119. List the prime factors of z.
2, 13
Let z = -315 - -168. Let o = -53 - z. Suppose -4*l + o = -2*n, -12 = -3*l + n + 61. What are the prime factors of l?
2, 13
Suppose -10*q = -11*q + 826. Suppose m = -4*r + 3*r + 287, 3*m - q = 4*r. List the prime factors of m.
2, 3, 47
Suppose 4*c - 9*c + 10 = 0. Suppose 7*q - c*q = 5*o + 30, 5*o = 4*q - 28. Let b = 16 - q. What are the prime factors of b?
2, 7
Let n(y) = 2*y**2 - 15*y + 2. Let z be n(7). List the prime factors of 567/21*1*z/(-3).
3, 5
Suppose 2*s - 4*s + 30 = 0. Let r = s + -10. Suppose -96 = -r*u - 1. What are the prime factors of u?
19
Suppose 65*i + 35734 = 82*i. List the prime factors of i.
2, 1051
Suppose 3 = 5*j + 13. List the prime factors of (0 + -1)/(j/6).
3
Suppose -51*t - 3*l + 4679 = -49*t, 2344 = t - 3*l. What are the prime factors of t?
2341
Let c(i) = i**3 + 11*i**2 + 6*i - 15. Let l be c(-10). Suppose -l*r + 37 = -24*r. List the prime factors of r.
37
Let s be 4/6*(-30)/(-4). Suppose 3*d = -2*d - s. What are the prime factors of (d + 24 - 0)*1?
23
Let j(z) = -z**3 + 10*z**2 - 2*z + 26. Let q be j(10). Suppose 0 = -3*k - 3*v, -9 = v - 4. Suppose k*f - 31 = -q. List the prime factors of f.
5
Suppose 2*x = z - 5*z + 30, -4*z + x + 21 = 0. Suppose -z*t = -8*t + 166. List the prime factors of t.
83
Suppose -7 = -3*h + 14. Suppose -4*p - p - 4*i = -32, -5*i = -2*p - h. Suppose -p*n - 169 = -425. What are the prime factors of n?
2
Suppose -k - 5*a = -3*k + 9, 5*a + 16 = 3*k. Let d(g) = 2*g**2 - 8*g. What are the prime factors of d(k)?
2, 3, 7
Let k(h) = -4*h + 1. Let q be 21*2*(-2)/(-12). Suppose -q*m - 25 = -2*m. What are the prime factors of k(m)?
3, 7
Suppose 18 = 3*t + 3*l, 2*t - 12 = -t - l. Suppose 0*r + 69 = t*r. Suppose 2*d = 3*n - r, 0*n + 5*d - 47 = -2*n. What are the prime factors of n?
11
Suppose -15 = -5*y, -4*q - 360 = -5*q - 5*y. What are the prime factors of q?
3, 5, 23
List the prime factors of (-20)/(-20) - (-7)/(-1)*-602.
3, 5, 281
Let s(a) = a**2 + 44*a - 65. What are the prime factors of s(-49)?
2, 3, 5
Let v(g) = -12*g**3 + 8*g**2 - 3*g - 2. List the prime factors of v(-4).
2, 3, 151
Suppose 4*l + 63 - 15 = 0. Let u = 334 - 204. What are the prime factors of (l/10)/((-3)/u)?
2, 13
Let i(l) = 9*l**2 - 2*l - 3. Let a be i(-1). Suppose 447 = -5*s + a*s. Let w = -77 + s. List the prime factors of w.
2, 3
Let o(b) = 2*b**2 + 3*b - 4. Let v be o(-4). Suppose 4*k = 9*j - 4*j - 7, 0 = -2*j - 5*k + v. Suppose -4*r + 22 = -j*r. What are the prime factors of r?
2, 11
Suppose -3*n - 15 = 0, l + 4*l = 